{"id":142,"date":"2019-08-01T13:34:52","date_gmt":"2019-08-01T13:34:52","guid":{"rendered":"http:\/\/baro-tg.de\/?page_id=142"},"modified":"2019-11-12T15:05:53","modified_gmt":"2019-11-12T15:05:53","slug":"tg-plaetze","status":"publish","type":"page","link":"https:\/\/baro-tg.de\/?page_id=142","title":{"rendered":"TG-Pl\u00e4tze"},"content":{"rendered":"\t\t<div data-elementor-type=\"wp-post\" data-elementor-id=\"142\" class=\"elementor elementor-142\">\n\t\t\t\t\t\t<section class=\"elementor-section elementor-top-section elementor-element elementor-element-7f989be elementor-section-full_width elementor-section-height-default elementor-section-height-default\" data-id=\"7f989be\" data-element_type=\"section\">\n\t\t\t\t\t\t<div class=\"elementor-container elementor-column-gap-default\">\n\t\t\t\t\t<div class=\"elementor-column elementor-col-100 elementor-top-column elementor-element elementor-element-0d19132\" data-id=\"0d19132\" data-element_type=\"column\">\n\t\t\t<div class=\"elementor-widget-wrap elementor-element-populated\">\n\t\t\t\t\t\t<div class=\"elementor-element elementor-element-805e78f elementor-widget elementor-widget-image\" data-id=\"805e78f\" data-element_type=\"widget\" data-widget_type=\"image.default\">\n\t\t\t\t<div class=\"elementor-widget-container\">\n\t\t\t\t\t\t\t\t\t\t\t\t\t\t\t<img decoding=\"async\" src=\"https:\/\/baro-tg.de\/wp-content\/uploads\/baro-bilder-titel\/baro_einfahrt_3250.jpg\" title=\"baro_einfahrt_3250\" alt=\"baro_einfahrt_3250\" loading=\"lazy\" \/>\t\t\t\t\t\t\t\t\t\t\t\t\t\t\t<\/div>\n\t\t\t\t<\/div>\n\t\t\t\t\t<\/div>\n\t\t<\/div>\n\t\t\t\t\t<\/div>\n\t\t<\/section>\n\t\t\t\t<section class=\"elementor-section elementor-top-section elementor-element elementor-element-5d04e65 elementor-section-boxed elementor-section-height-default elementor-section-height-default\" data-id=\"5d04e65\" data-element_type=\"section\" data-settings=\"{&quot;background_background&quot;:&quot;classic&quot;}\">\n\t\t\t\t\t\t<div class=\"elementor-container elementor-column-gap-default\">\n\t\t\t\t\t<div class=\"elementor-column elementor-col-50 elementor-top-column elementor-element elementor-element-9a376ab\" data-id=\"9a376ab\" data-element_type=\"column\">\n\t\t\t<div class=\"elementor-widget-wrap elementor-element-populated\">\n\t\t\t\t\t\t<div class=\"elementor-element elementor-element-2886502 elementor-widget elementor-widget-text-editor\" data-id=\"2886502\" data-element_type=\"widget\" data-widget_type=\"text-editor.default\">\n\t\t\t\t<div class=\"elementor-widget-container\">\n\t\t\t\t\t\t\t\t\t<h1>BaRo-Tiefgaragen GbR \u00b7 Miesbach<\/h1>\t\t\t\t\t\t\t\t<\/div>\n\t\t\t\t<\/div>\n\t\t\t\t\t<\/div>\n\t\t<\/div>\n\t\t\t\t<div class=\"elementor-column elementor-col-50 elementor-top-column elementor-element elementor-element-2c2b390\" data-id=\"2c2b390\" data-element_type=\"column\">\n\t\t\t<div class=\"elementor-widget-wrap elementor-element-populated\">\n\t\t\t\t\t\t<div class=\"elementor-element elementor-element-1604cd6 elementor-align-right elementor-widget elementor-widget-button\" data-id=\"1604cd6\" data-element_type=\"widget\" data-widget_type=\"button.default\">\n\t\t\t\t<div class=\"elementor-widget-container\">\n\t\t\t\t\t\t\t\t\t<div class=\"elementor-button-wrapper\">\n\t\t\t\t\t<a class=\"elementor-button elementor-button-link elementor-size-lg\" href=\"http:\/\/baro-tg.de\/?page_id=151\">\n\t\t\t\t\t\t<span class=\"elementor-button-content-wrapper\">\n\t\t\t\t\t\t\t\t\t<span class=\"elementor-button-text\">Kontakt<\/span>\n\t\t\t\t\t<\/span>\n\t\t\t\t\t<\/a>\n\t\t\t\t<\/div>\n\t\t\t\t\t\t\t\t<\/div>\n\t\t\t\t<\/div>\n\t\t\t\t\t<\/div>\n\t\t<\/div>\n\t\t\t\t\t<\/div>\n\t\t<\/section>\n\t\t\t\t<section class=\"elementor-section elementor-top-section elementor-element elementor-element-f8df300 elementor-section-content-middle elementor-section-boxed elementor-section-height-default elementor-section-height-default\" data-id=\"f8df300\" data-element_type=\"section\">\n\t\t\t\t\t\t<div class=\"elementor-container elementor-column-gap-default\">\n\t\t\t\t\t<div class=\"elementor-column elementor-col-50 elementor-top-column elementor-element elementor-element-4a66fc49\" data-id=\"4a66fc49\" data-element_type=\"column\">\n\t\t\t<div class=\"elementor-widget-wrap elementor-element-populated\">\n\t\t\t\t\t\t<div class=\"elementor-element elementor-element-66216817 elementor-widget elementor-widget-heading\" data-id=\"66216817\" data-element_type=\"widget\" data-widget_type=\"heading.default\">\n\t\t\t\t<div class=\"elementor-widget-container\">\n\t\t\t\t\t<h3 class=\"elementor-heading-title elementor-size-large\">Miesbach Bayrischzeller \/ Rosenheimer Stra\u00dfe<\/h3>\t\t\t\t<\/div>\n\t\t\t\t<\/div>\n\t\t\t\t<div class=\"elementor-element elementor-element-2510e8a8 elementor-widget-divider--view-line elementor-widget elementor-widget-divider\" data-id=\"2510e8a8\" data-element_type=\"widget\" data-widget_type=\"divider.default\">\n\t\t\t\t<div class=\"elementor-widget-container\">\n\t\t\t\t\t\t\t<div class=\"elementor-divider\">\n\t\t\t<span class=\"elementor-divider-separator\">\n\t\t\t\t\t\t<\/span>\n\t\t<\/div>\n\t\t\t\t\t\t<\/div>\n\t\t\t\t<\/div>\n\t\t\t\t<div class=\"elementor-element elementor-element-5ae351dc elementor-widget elementor-widget-text-editor\" data-id=\"5ae351dc\" data-element_type=\"widget\" data-widget_type=\"text-editor.default\">\n\t\t\t\t<div class=\"elementor-widget-container\">\n\t\t\t\t\t\t\t\t\t<p>Wir bieten Ihnen im Geb\u00e4udekomplex Bayrischzeller Str. 2, 4, 6, 8,\u00a0 \/ Ecke Rosenheimer Str. 20 auf 3 Gescho\u00dfebenen unterschiedlichste Tiefgaragenstellpl\u00e4tze zur monatlichen Miete an.<\/p><p>\u2022 Dauerparkpl\u00e4tze f\u00fcr Mieter und Mitabeiter<br \/>\u2022 Befristete Miete f\u00fcr einen vor\u00fcbergehenden Zeitraum<br \/>\u2022 Specials f\u00fcr Motorr\u00e4der, H\u00e4nger und anderen Fahrzeugen, die den feuerpolizeilichen Vorgaben entsprechen<\/p><p>Die Tiefgaragen sind auf allen Ebenen video\u00fcberwacht<\/p>\t\t\t\t\t\t\t\t<\/div>\n\t\t\t\t<\/div>\n\t\t\t\t\t<\/div>\n\t\t<\/div>\n\t\t\t\t<div class=\"elementor-column elementor-col-50 elementor-top-column elementor-element elementor-element-1b928325 elementor-sm-100\" data-id=\"1b928325\" data-element_type=\"column\">\n\t\t\t<div class=\"elementor-widget-wrap elementor-element-populated\">\n\t\t\t\t\t\t<div class=\"elementor-element elementor-element-164abd0 elementor-widget elementor-widget-image\" data-id=\"164abd0\" data-element_type=\"widget\" data-widget_type=\"image.default\">\n\t\t\t\t<div class=\"elementor-widget-container\">\n\t\t\t\t\t\t\t\t\t\t\t\t<figure class=\"wp-caption\">\n\t\t\t\t\t\t\t\t\t\t\t<a href=\"http:\/\/baro-tg.de\/wp-content\/uploads\/2019\/11\/baro_tg_standard_smal_3270_3.jpg\" data-elementor-open-lightbox=\"yes\" data-elementor-lightbox-title=\"baro_tg_standard_smal_3270_3\" data-e-action-hash=\"#elementor-action%3Aaction%3Dlightbox%26settings%3DeyJpZCI6MzI3LCJ1cmwiOiJodHRwczpcL1wvYmFyby10Zy5kZVwvd3AtY29udGVudFwvdXBsb2Fkc1wvYmFyby1iaWxkZXIxMjAweDgwMFwvYmFyb190Z19zdGFuZGFyZF9zbWFsXzMyNzBfMy5qcGcifQ%3D%3D\">\n\t\t\t\t\t\t\t<img fetchpriority=\"high\" decoding=\"async\" width=\"300\" height=\"200\" src=\"https:\/\/baro-tg.de\/wp-content\/uploads\/baro-bilder1200x800\/baro_tg_standard_smal_3270_3-300x200.jpg\" class=\"attachment-medium size-medium wp-image-327\" alt=\"\" srcset=\"https:\/\/baro-tg.de\/wp-content\/uploads\/baro-bilder1200x800\/baro_tg_standard_smal_3270_3-300x200.jpg 300w, https:\/\/baro-tg.de\/wp-content\/uploads\/baro-bilder1200x800\/baro_tg_standard_smal_3270_3-768x512.jpg 768w, https:\/\/baro-tg.de\/wp-content\/uploads\/baro-bilder1200x800\/baro_tg_standard_smal_3270_3-1024x683.jpg 1024w, https:\/\/baro-tg.de\/wp-content\/uploads\/baro-bilder1200x800\/baro_tg_standard_smal_3270_3.jpg 1200w\" sizes=\"(max-width: 300px) 100vw, 300px\" \/>\t\t\t\t\t\t\t\t<\/a>\n\t\t\t\t\t\t\t\t\t\t\t<figcaption class=\"widget-image-caption wp-caption-text\">Standard- u. Sonderstellplatz<\/figcaption>\n\t\t\t\t\t\t\t\t\t\t<\/figure>\n\t\t\t\t\t\t\t\t\t<\/div>\n\t\t\t\t<\/div>\n\t\t\t\t\t<\/div>\n\t\t<\/div>\n\t\t\t\t\t<\/div>\n\t\t<\/section>\n\t\t\t\t<section class=\"elementor-section elementor-top-section elementor-element elementor-element-927c34b elementor-section-content-middle elementor-section-boxed elementor-section-height-default elementor-section-height-default\" data-id=\"927c34b\" data-element_type=\"section\">\n\t\t\t\t\t\t<div class=\"elementor-container elementor-column-gap-default\">\n\t\t\t\t\t<div class=\"elementor-column elementor-col-50 elementor-top-column elementor-element elementor-element-934fdde\" data-id=\"934fdde\" data-element_type=\"column\">\n\t\t\t<div class=\"elementor-widget-wrap elementor-element-populated\">\n\t\t\t\t\t\t<div class=\"elementor-element elementor-element-6170d2c elementor-widget elementor-widget-heading\" data-id=\"6170d2c\" data-element_type=\"widget\" data-widget_type=\"heading.default\">\n\t\t\t\t<div class=\"elementor-widget-container\">\n\t\t\t\t\t<h3 class=\"elementor-heading-title elementor-size-large\">Regelgr\u00f6\u00dfe 2,50 x 5 x 2,10 m <\/h3>\t\t\t\t<\/div>\n\t\t\t\t<\/div>\n\t\t\t\t<div class=\"elementor-element elementor-element-c250c7e elementor-widget-divider--view-line elementor-widget elementor-widget-divider\" data-id=\"c250c7e\" data-element_type=\"widget\" data-widget_type=\"divider.default\">\n\t\t\t\t<div class=\"elementor-widget-container\">\n\t\t\t\t\t\t\t<div class=\"elementor-divider\">\n\t\t\t<span class=\"elementor-divider-separator\">\n\t\t\t\t\t\t<\/span>\n\t\t<\/div>\n\t\t\t\t\t\t<\/div>\n\t\t\t\t<\/div>\n\t\t\t\t<div class=\"elementor-element elementor-element-8216907 elementor-widget elementor-widget-text-editor\" data-id=\"8216907\" data-element_type=\"widget\" data-widget_type=\"text-editor.default\">\n\t\t\t\t<div class=\"elementor-widget-container\">\n\t\t\t\t\t\t\t\t\t<p>Unsere Tiefgaragenstellpl\u00e4tze haben in der Regel eine Gr\u00f6\u00dfe von: <br \/>2,50 (Breite) x 5m (Tiefe) x 2,10 (H\u00f6he)<br \/>Wir verf\u00fcgen zudem \u00fcber eine gewisse Anzahl, die von diesem Regelma\u00df abweichen.<br \/>\u2022 kleinere Parkpl\u00e4tze f\u00fcr Motorr\u00e4der und Roller<br \/>\u2022 Eck- und Doppelstellpl\u00e4tze, die Ihnen mehr Abstellraum bieten<\/p><p>\u00a0<\/p>\t\t\t\t\t\t\t\t<\/div>\n\t\t\t\t<\/div>\n\t\t\t\t\t<\/div>\n\t\t<\/div>\n\t\t\t\t<div class=\"elementor-column elementor-col-50 elementor-top-column elementor-element elementor-element-b4cdf36 elementor-sm-100\" data-id=\"b4cdf36\" data-element_type=\"column\">\n\t\t\t<div class=\"elementor-widget-wrap elementor-element-populated\">\n\t\t\t\t\t\t<div class=\"elementor-element elementor-element-6ade73d elementor-widget elementor-widget-image\" data-id=\"6ade73d\" data-element_type=\"widget\" data-widget_type=\"image.default\">\n\t\t\t\t<div class=\"elementor-widget-container\">\n\t\t\t\t\t\t\t\t\t\t\t\t<figure class=\"wp-caption\">\n\t\t\t\t\t\t\t\t\t\t\t<a href=\"http:\/\/baro-tg.de\/wp-content\/uploads\/baro-bilder1200x800\/baro_tg_stellplaetze.jpg\" data-elementor-open-lightbox=\"yes\" data-elementor-lightbox-title=\"baro_tg_stellplaetze\" data-e-action-hash=\"#elementor-action%3Aaction%3Dlightbox%26settings%3DeyJpZCI6MzI4LCJ1cmwiOiJodHRwczpcL1wvYmFyby10Zy5kZVwvd3AtY29udGVudFwvdXBsb2Fkc1wvYmFyby1iaWxkZXIxMjAweDgwMFwvYmFyb190Z19zdGVsbHBsYWV0emUuanBnIn0%3D\">\n\t\t\t\t\t\t\t<img decoding=\"async\" width=\"300\" height=\"200\" src=\"https:\/\/baro-tg.de\/wp-content\/uploads\/baro-bilder1200x800\/baro_tg_stellplaetze-300x200.jpg\" class=\"attachment-medium size-medium wp-image-328\" alt=\"\" srcset=\"https:\/\/baro-tg.de\/wp-content\/uploads\/baro-bilder1200x800\/baro_tg_stellplaetze-300x200.jpg 300w, https:\/\/baro-tg.de\/wp-content\/uploads\/baro-bilder1200x800\/baro_tg_stellplaetze-768x512.jpg 768w, https:\/\/baro-tg.de\/wp-content\/uploads\/baro-bilder1200x800\/baro_tg_stellplaetze-1024x683.jpg 1024w, https:\/\/baro-tg.de\/wp-content\/uploads\/baro-bilder1200x800\/baro_tg_stellplaetze.jpg 1200w\" sizes=\"(max-width: 300px) 100vw, 300px\" \/>\t\t\t\t\t\t\t\t<\/a>\n\t\t\t\t\t\t\t\t\t\t\t<figcaption class=\"widget-image-caption wp-caption-text\">Sonderstellplatz f\u00fcr Motorr\u00e4der und Roller<\/figcaption>\n\t\t\t\t\t\t\t\t\t\t<\/figure>\n\t\t\t\t\t\t\t\t\t<\/div>\n\t\t\t\t<\/div>\n\t\t\t\t\t<\/div>\n\t\t<\/div>\n\t\t\t\t\t<\/div>\n\t\t<\/section>\n\t\t\t\t<section class=\"elementor-section elementor-top-section elementor-element elementor-element-66df0e1 elementor-section-full_width elementor-section-height-default elementor-section-height-default\" data-id=\"66df0e1\" data-element_type=\"section\">\n\t\t\t\t\t\t<div class=\"elementor-container elementor-column-gap-default\">\n\t\t\t\t\t<div class=\"elementor-column elementor-col-16 elementor-top-column elementor-element elementor-element-dcc4c02\" data-id=\"dcc4c02\" data-element_type=\"column\">\n\t\t\t<div class=\"elementor-widget-wrap elementor-element-populated\">\n\t\t\t\t\t\t<div class=\"elementor-element elementor-element-e554050 elementor-widget elementor-widget-image\" data-id=\"e554050\" data-element_type=\"widget\" data-widget_type=\"image.default\">\n\t\t\t\t<div class=\"elementor-widget-container\">\n\t\t\t\t\t\t\t\t\t\t\t\t<figure class=\"wp-caption\">\n\t\t\t\t\t\t\t\t\t\t\t<a href=\"http:\/\/baro-tg.de\/wp-content\/uploads\/baro-bilder1200x800\/baro_einfahrt_3250.jpg\" data-elementor-open-lightbox=\"yes\" data-elementor-lightbox-title=\"baro_einfahrt_3250\" data-e-action-hash=\"#elementor-action%3Aaction%3Dlightbox%26settings%3DeyJpZCI6MjIsInVybCI6Imh0dHBzOlwvXC9iYXJvLXRnLmRlXC93cC1jb250ZW50XC91cGxvYWRzXC9iYXJvLWJpbGRlcjEyMDB4ODAwXC9iYXJvX2VpbmZhaHJ0XzMyNTAuanBnIn0%3D\">\n\t\t\t\t\t\t\t<img decoding=\"async\" width=\"150\" height=\"150\" src=\"https:\/\/baro-tg.de\/wp-content\/uploads\/baro-bilder1200x800\/baro_einfahrt_3250-150x150.jpg\" class=\"attachment-thumbnail size-thumbnail wp-image-22\" alt=\"\" srcset=\"https:\/\/baro-tg.de\/wp-content\/uploads\/baro-bilder1200x800\/baro_einfahrt_3250-150x150.jpg 150w, https:\/\/baro-tg.de\/wp-content\/uploads\/baro-bilder1200x800\/baro_einfahrt_3250-100x100.jpg 100w\" sizes=\"(max-width: 150px) 100vw, 150px\" \/>\t\t\t\t\t\t\t\t<\/a>\n\t\t\t\t\t\t\t\t\t\t\t<figcaption class=\"widget-image-caption wp-caption-text\">Einfahrt<\/figcaption>\n\t\t\t\t\t\t\t\t\t\t<\/figure>\n\t\t\t\t\t\t\t\t\t<\/div>\n\t\t\t\t<\/div>\n\t\t\t\t\t<\/div>\n\t\t<\/div>\n\t\t\t\t<div class=\"elementor-column elementor-col-16 elementor-top-column elementor-element elementor-element-51bd0a1\" data-id=\"51bd0a1\" data-element_type=\"column\">\n\t\t\t<div class=\"elementor-widget-wrap elementor-element-populated\">\n\t\t\t\t\t\t<div class=\"elementor-element elementor-element-2f06706 elementor-widget elementor-widget-image\" data-id=\"2f06706\" data-element_type=\"widget\" data-widget_type=\"image.default\">\n\t\t\t\t<div class=\"elementor-widget-container\">\n\t\t\t\t\t\t\t\t\t\t\t\t<figure class=\"wp-caption\">\n\t\t\t\t\t\t\t\t\t\t\t<a href=\"http:\/\/baro-tg.de\/wp-content\/uploads\/baro-bilder1200x800\/baro_tg_stellplaetze_3274.jpg\" data-elementor-open-lightbox=\"yes\" data-elementor-lightbox-title=\"baro_tg_stellplaetze_3274\" data-e-action-hash=\"#elementor-action%3Aaction%3Dlightbox%26settings%3DeyJpZCI6MzA3LCJ1cmwiOiJodHRwczpcL1wvYmFyby10Zy5kZVwvd3AtY29udGVudFwvdXBsb2Fkc1wvYmFyby1iaWxkZXIxMjAweDgwMFwvYmFyb190Z19zdGVsbHBsYWV0emVfMzI3NC5qcGcifQ%3D%3D\">\n\t\t\t\t\t\t\t<img loading=\"lazy\" decoding=\"async\" width=\"150\" height=\"150\" src=\"https:\/\/baro-tg.de\/wp-content\/uploads\/baro-bilder1200x800\/baro_tg_stellplaetze_3274-150x150.jpg\" class=\"attachment-thumbnail size-thumbnail wp-image-307\" alt=\"\" \/>\t\t\t\t\t\t\t\t<\/a>\n\t\t\t\t\t\t\t\t\t\t\t<figcaption class=\"widget-image-caption wp-caption-text\">Standard Stellplatze<\/figcaption>\n\t\t\t\t\t\t\t\t\t\t<\/figure>\n\t\t\t\t\t\t\t\t\t<\/div>\n\t\t\t\t<\/div>\n\t\t\t\t\t<\/div>\n\t\t<\/div>\n\t\t\t\t<div class=\"elementor-column elementor-col-16 elementor-top-column elementor-element elementor-element-fa36bc2\" data-id=\"fa36bc2\" data-element_type=\"column\">\n\t\t\t<div class=\"elementor-widget-wrap elementor-element-populated\">\n\t\t\t\t\t\t<div class=\"elementor-element elementor-element-d16eae4 elementor-widget elementor-widget-image\" data-id=\"d16eae4\" data-element_type=\"widget\" data-widget_type=\"image.default\">\n\t\t\t\t<div class=\"elementor-widget-container\">\n\t\t\t\t\t\t\t\t\t\t\t\t<figure class=\"wp-caption\">\n\t\t\t\t\t\t\t\t\t\t\t<a href=\"http:\/\/baro-tg.de\/wp-content\/uploads\/baro-bilder1200x800\/baro_tg_ebene1_11_3292-1.jpg\" data-elementor-open-lightbox=\"yes\" data-elementor-lightbox-title=\"baro_tg_ebene1_11_3292\" data-e-action-hash=\"#elementor-action%3Aaction%3Dlightbox%26settings%3DeyJpZCI6MzI1LCJ1cmwiOiJodHRwczpcL1wvYmFyby10Zy5kZVwvd3AtY29udGVudFwvdXBsb2Fkc1wvYmFyby1iaWxkZXIxMjAweDgwMFwvYmFyb190Z19lYmVuZTFfMTFfMzI5Mi0xLmpwZyJ9\">\n\t\t\t\t\t\t\t<img loading=\"lazy\" decoding=\"async\" width=\"150\" height=\"150\" src=\"https:\/\/baro-tg.de\/wp-content\/uploads\/baro-bilder1200x800\/baro_tg_ebene1_11_3292-1-150x150.jpg\" class=\"attachment-thumbnail size-thumbnail wp-image-325\" alt=\"\" \/>\t\t\t\t\t\t\t\t<\/a>\n\t\t\t\t\t\t\t\t\t\t\t<figcaption class=\"widget-image-caption wp-caption-text\">Unsere Stellpl\u00e4tze<\/figcaption>\n\t\t\t\t\t\t\t\t\t\t<\/figure>\n\t\t\t\t\t\t\t\t\t<\/div>\n\t\t\t\t<\/div>\n\t\t\t\t\t<\/div>\n\t\t<\/div>\n\t\t\t\t<div class=\"elementor-column elementor-col-16 elementor-top-column elementor-element elementor-element-76cee5b\" data-id=\"76cee5b\" data-element_type=\"column\">\n\t\t\t<div class=\"elementor-widget-wrap elementor-element-populated\">\n\t\t\t\t\t\t<div class=\"elementor-element elementor-element-d76fb12 elementor-widget elementor-widget-image\" data-id=\"d76fb12\" data-element_type=\"widget\" data-widget_type=\"image.default\">\n\t\t\t\t<div class=\"elementor-widget-container\">\n\t\t\t\t\t\t\t\t\t\t\t\t<figure class=\"wp-caption\">\n\t\t\t\t\t\t\t\t\t\t\t<a href=\"http:\/\/baro-tg.de\/wp-content\/uploads\/baro-bilder1200x800\/baro_tg_ebene2_3280.jpg\" data-elementor-open-lightbox=\"yes\" data-elementor-lightbox-title=\"baro_tg_ebene2_3280\" data-e-action-hash=\"#elementor-action%3Aaction%3Dlightbox%26settings%3DeyJpZCI6MzIzLCJ1cmwiOiJodHRwczpcL1wvYmFyby10Zy5kZVwvd3AtY29udGVudFwvdXBsb2Fkc1wvYmFyby1iaWxkZXIxMjAweDgwMFwvYmFyb190Z19lYmVuZTJfMzI4MC5qcGcifQ%3D%3D\">\n\t\t\t\t\t\t\t<img loading=\"lazy\" decoding=\"async\" width=\"150\" height=\"150\" src=\"https:\/\/baro-tg.de\/wp-content\/uploads\/baro-bilder1200x800\/baro_tg_ebene2_3280-150x150.jpg\" class=\"attachment-thumbnail size-thumbnail wp-image-323\" alt=\"\" \/>\t\t\t\t\t\t\t\t<\/a>\n\t\t\t\t\t\t\t\t\t\t\t<figcaption class=\"widget-image-caption wp-caption-text\">TG Ebene 2<\/figcaption>\n\t\t\t\t\t\t\t\t\t\t<\/figure>\n\t\t\t\t\t\t\t\t\t<\/div>\n\t\t\t\t<\/div>\n\t\t\t\t\t<\/div>\n\t\t<\/div>\n\t\t\t\t<div class=\"elementor-column elementor-col-16 elementor-top-column elementor-element elementor-element-dcc6ea5\" data-id=\"dcc6ea5\" data-element_type=\"column\">\n\t\t\t<div class=\"elementor-widget-wrap elementor-element-populated\">\n\t\t\t\t\t\t<div class=\"elementor-element elementor-element-06a7350 elementor-widget elementor-widget-image\" data-id=\"06a7350\" data-element_type=\"widget\" data-widget_type=\"image.default\">\n\t\t\t\t<div class=\"elementor-widget-container\">\n\t\t\t\t\t\t\t\t\t\t\t\t<figure class=\"wp-caption\">\n\t\t\t\t\t\t\t\t\t\t\t<a href=\"http:\/\/baro-tg.de\/wp-content\/uploads\/baro-bilder1200x800\/baro_tg_ebene3_3290.jpg\" data-elementor-open-lightbox=\"yes\" data-elementor-lightbox-title=\"baro_tg_ebene3_3290\" data-e-action-hash=\"#elementor-action%3Aaction%3Dlightbox%26settings%3DeyJpZCI6MzIyLCJ1cmwiOiJodHRwczpcL1wvYmFyby10Zy5kZVwvd3AtY29udGVudFwvdXBsb2Fkc1wvYmFyby1iaWxkZXIxMjAweDgwMFwvYmFyb190Z19lYmVuZTNfMzI5MC5qcGcifQ%3D%3D\">\n\t\t\t\t\t\t\t<img loading=\"lazy\" decoding=\"async\" width=\"150\" height=\"150\" src=\"https:\/\/baro-tg.de\/wp-content\/uploads\/baro-bilder1200x800\/baro_tg_ebene3_3290-150x150.jpg\" class=\"attachment-thumbnail size-thumbnail wp-image-322\" alt=\"\" \/>\t\t\t\t\t\t\t\t<\/a>\n\t\t\t\t\t\t\t\t\t\t\t<figcaption class=\"widget-image-caption wp-caption-text\">TG Ebene 3<\/figcaption>\n\t\t\t\t\t\t\t\t\t\t<\/figure>\n\t\t\t\t\t\t\t\t\t<\/div>\n\t\t\t\t<\/div>\n\t\t\t\t\t<\/div>\n\t\t<\/div>\n\t\t\t\t<div class=\"elementor-column elementor-col-16 elementor-top-column elementor-element elementor-element-79ecfa4\" data-id=\"79ecfa4\" data-element_type=\"column\">\n\t\t\t<div class=\"elementor-widget-wrap elementor-element-populated\">\n\t\t\t\t\t\t<div class=\"elementor-element elementor-element-6f3d740 elementor-widget elementor-widget-image\" data-id=\"6f3d740\" data-element_type=\"widget\" data-widget_type=\"image.default\">\n\t\t\t\t<div class=\"elementor-widget-container\">\n\t\t\t\t\t\t\t\t\t\t\t\t<figure class=\"wp-caption\">\n\t\t\t\t\t\t\t\t\t\t\t<a href=\"http:\/\/baro-tg.de\/wp-content\/uploads\/baro-bilder1200x800\/baro_ausfahrt_3289.jpg\" data-elementor-open-lightbox=\"yes\" data-elementor-lightbox-title=\"baro_ausfahrt_3289\" data-e-action-hash=\"#elementor-action%3Aaction%3Dlightbox%26settings%3DeyJpZCI6MzEwLCJ1cmwiOiJodHRwczpcL1wvYmFyby10Zy5kZVwvd3AtY29udGVudFwvdXBsb2Fkc1wvYmFyby1iaWxkZXIxMjAweDgwMFwvYmFyb19hdXNmYWhydF8zMjg5LmpwZyJ9\">\n\t\t\t\t\t\t\t<img loading=\"lazy\" decoding=\"async\" width=\"150\" height=\"150\" src=\"https:\/\/baro-tg.de\/wp-content\/uploads\/baro-bilder1200x800\/baro_ausfahrt_3289-150x150.jpg\" class=\"attachment-thumbnail size-thumbnail wp-image-310\" alt=\"\" \/>\t\t\t\t\t\t\t\t<\/a>\n\t\t\t\t\t\t\t\t\t\t\t<figcaption class=\"widget-image-caption wp-caption-text\">Ausfahrt<\/figcaption>\n\t\t\t\t\t\t\t\t\t\t<\/figure>\n\t\t\t\t\t\t\t\t\t<\/div>\n\t\t\t\t<\/div>\n\t\t\t\t\t<\/div>\n\t\t<\/div>\n\t\t\t\t\t<\/div>\n\t\t<\/section>\n\t\t\t\t<section class=\"elementor-section elementor-top-section elementor-element elementor-element-235e134d elementor-section-boxed elementor-section-height-default elementor-section-height-default\" data-id=\"235e134d\" data-element_type=\"section\">\n\t\t\t\t\t\t<div class=\"elementor-container elementor-column-gap-default\">\n\t\t\t\t\t<div class=\"elementor-column elementor-col-100 elementor-top-column elementor-element elementor-element-6f2cd9\" data-id=\"6f2cd9\" data-element_type=\"column\">\n\t\t\t<div class=\"elementor-widget-wrap elementor-element-populated\">\n\t\t\t\t\t\t<div class=\"elementor-element elementor-element-61c87325 elementor-widget elementor-widget-text-editor\" data-id=\"61c87325\" data-element_type=\"widget\" data-widget_type=\"text-editor.default\">\n\t\t\t\t<div class=\"elementor-widget-container\">\n\t\t\t\t\t\t\t\t\t<p>Interesse ? &#8211; Nehmen Sie mit uns Kontakt auf: <a href=\"mailto:service@baro-tg.de\" target=\"_blank\" rel=\"noopener\">service@baro-tg.de<\/a> oder Tel. 08025 \/ 4599<\/p>\t\t\t\t\t\t\t\t<\/div>\n\t\t\t\t<\/div>\n\t\t\t\t\t<\/div>\n\t\t<\/div>\n\t\t\t\t\t<\/div>\n\t\t<\/section>\n\t\t\t\t<\/div>\n\t\t","protected":false},"excerpt":{"rendered":"<p>BaRo-Tiefgaragen GbR \u00b7 Miesbach Kontakt Miesbach Bayrischzeller \/ Rosenheimer Stra\u00dfe Wir bieten Ihnen im Geb\u00e4udekomplex Bayrischzeller Str. 2, 4, 6, 8,\u00a0 \/ Ecke Rosenheimer Str. 20 auf 3 Gescho\u00dfebenen unterschiedlichste Tiefgaragenstellpl\u00e4tze zur monatlichen Miete an. \u2022 Dauerparkpl\u00e4tze f\u00fcr Mieter und Mitabeiter\u2022 Befristete Miete f\u00fcr einen vor\u00fcbergehenden Zeitraum\u2022 Specials f\u00fcr Motorr\u00e4der, H\u00e4nger und anderen Fahrzeugen, die [&hellip;]<\/p>\n","protected":false},"author":1,"featured_media":0,"parent":0,"menu_order":0,"comment_status":"closed","ping_status":"closed","template":"","meta":{"ocean_post_layout":"full-width","ocean_both_sidebars_style":"","ocean_both_sidebars_content_width":0,"ocean_both_sidebars_sidebars_width":0,"ocean_sidebar":"0","ocean_second_sidebar":"0","ocean_disable_margins":"enable","ocean_add_body_class":"","ocean_shortcode_before_top_bar":"","ocean_shortcode_after_top_bar":"","ocean_shortcode_before_header":"","ocean_shortcode_after_header":"","ocean_has_shortcode":"","ocean_shortcode_after_title":"","ocean_shortcode_before_footer_widgets":"","ocean_shortcode_after_footer_widgets":"","ocean_shortcode_before_footer_bottom":"","ocean_shortcode_after_footer_bottom":"","ocean_display_top_bar":"default","ocean_display_header":"default","ocean_header_style":"","ocean_center_header_left_menu":"0","ocean_custom_header_template":"0","ocean_custom_logo":261,"ocean_custom_retina_logo":0,"ocean_custom_logo_max_width":250,"ocean_custom_logo_tablet_max_width":160,"ocean_custom_logo_mobile_max_width":100,"ocean_custom_logo_max_height":85,"ocean_custom_logo_tablet_max_height":40,"ocean_custom_logo_mobile_max_height":25,"ocean_header_custom_menu":"0","ocean_menu_typo_font_family":"0","ocean_menu_typo_font_subset":"","ocean_menu_typo_font_size":0,"ocean_menu_typo_font_size_tablet":0,"ocean_menu_typo_font_size_mobile":0,"ocean_menu_typo_font_size_unit":"px","ocean_menu_typo_font_weight":"","ocean_menu_typo_font_weight_tablet":"","ocean_menu_typo_font_weight_mobile":"","ocean_menu_typo_transform":"","ocean_menu_typo_transform_tablet":"","ocean_menu_typo_transform_mobile":"","ocean_menu_typo_line_height":0,"ocean_menu_typo_line_height_tablet":0,"ocean_menu_typo_line_height_mobile":0,"ocean_menu_typo_line_height_unit":"","ocean_menu_typo_spacing":0,"ocean_menu_typo_spacing_tablet":0,"ocean_menu_typo_spacing_mobile":0,"ocean_menu_typo_spacing_unit":"","ocean_menu_link_color":"","ocean_menu_link_color_hover":"","ocean_menu_link_color_active":"","ocean_menu_link_background":"","ocean_menu_link_hover_background":"","ocean_menu_link_active_background":"","ocean_menu_social_links_bg":"","ocean_menu_social_hover_links_bg":"","ocean_menu_social_links_color":"","ocean_menu_social_hover_links_color":"","ocean_disable_title":"on","ocean_disable_heading":"default","ocean_post_title":"","ocean_post_subheading":"","ocean_post_title_style":"","ocean_post_title_background_color":"","ocean_post_title_background":0,"ocean_post_title_bg_image_position":"","ocean_post_title_bg_image_attachment":"","ocean_post_title_bg_image_repeat":"","ocean_post_title_bg_image_size":"","ocean_post_title_height":0,"ocean_post_title_bg_overlay":0.5,"ocean_post_title_bg_overlay_color":"","ocean_disable_breadcrumbs":"default","ocean_breadcrumbs_color":"","ocean_breadcrumbs_separator_color":"","ocean_breadcrumbs_links_color":"","ocean_breadcrumbs_links_hover_color":"","ocean_display_footer_widgets":"default","ocean_display_footer_bottom":"default","ocean_custom_footer_template":"0","footnotes":""},"class_list":["post-142","page","type-page","status-publish","hentry","entry"],"_links":{"self":[{"href":"https:\/\/baro-tg.de\/index.php?rest_route=\/wp\/v2\/pages\/142","targetHints":{"allow":["GET"]}}],"collection":[{"href":"https:\/\/baro-tg.de\/index.php?rest_route=\/wp\/v2\/pages"}],"about":[{"href":"https:\/\/baro-tg.de\/index.php?rest_route=\/wp\/v2\/types\/page"}],"author":[{"embeddable":true,"href":"https:\/\/baro-tg.de\/index.php?rest_route=\/wp\/v2\/users\/1"}],"replies":[{"embeddable":true,"href":"https:\/\/baro-tg.de\/index.php?rest_route=%2Fwp%2Fv2%2Fcomments&post=142"}],"version-history":[{"count":35,"href":"https:\/\/baro-tg.de\/index.php?rest_route=\/wp\/v2\/pages\/142\/revisions"}],"predecessor-version":[{"id":369,"href":"https:\/\/baro-tg.de\/index.php?rest_route=\/wp\/v2\/pages\/142\/revisions\/369"}],"wp:attachment":[{"href":"https:\/\/baro-tg.de\/index.php?rest_route=%2Fwp%2Fv2%2Fmedia&parent=142"}],"curies":[{"name":"wp","href":"https:\/\/api.w.org\/{rel}","templated":true}]}}